- 85).
-67
Calculate (145 - 18) + -32 + 3 - (25 - 1).
74
Evaluate -2 + (96 - 1) - (-5438 - -5438).
93
Evaluate -48 + (10 - -24) - -4.
-10
What is the value of -158 + 411 + -177 + (0 + 2 - 17)?
61
Evaluate 10 - 8 - (343 - 331).
-10
What is 0 + 0 - 94 - (8 - -4 - 86 - -78)?
-98
-31 - -5 - (1 - (-21 - -10))
-38
Evaluate -36 - (16 - (16 - 32 - -29)) - 19.
-58
What is the value of -5 - -65 - (-518 - -523)?
55
What is the value of -24 + 19 + -37 + -3 + 18?
-27
Calculate 5 + (-63 - 21) - ((1 - -2) + -17).
-65
Evaluate -88 - ((-4 + 15 - (13 + 4 + -4)) + -10).
-76
13791 + -13793 + (0 - 0 - -50)
48
Evaluate (-1 - 12 - (-246 - -272)) + 62.
23
What is (-38 - -1 - (817 + -902)) + -40?
8
What is the value of -9 + 15 + 0 + (-3 - 1 - (-49 + -2))?
53
What is the value of -5 + (10 - 1 - (13 - (20 - 11 - 5)))?
-5
Calculate 504 + -521 + (2 - 8) - -26.
3
What is 1 + -3 - ((-24 - 9) + 41) - (7 + 2)?
-19
What is 34 + (-2 + 1 + 17 - 9)?
41
-72 - ((-52 - -87) + -84)
-23
Calculate 1 - -1 - -4 - (-48 - (-31 + -5 + 7)).
25
What is (-3 - 15) + (-13 - (-1 + 9) - -24)?
-15
Calculate 6 + 51 + -1311 + 1187.
-67
What is the value of -126 + 136 + -156 + 62?
-84
What is the value of 53 + (-2 + 16 - (8 - -13))?
46
Calculate (-4 - (-3 + -14 - -1)) + 11.
23
What is the value of (14 - 5 - -2) + -667 + 608?
-48
Calculate (204 - 167) + 7 + -100 + -11.
-67
What is 10 - ((-16 - 0) + 26) - ((2 - 5) + 47)?
-44
What is the value of (26 - 47 - -33 - (4 - 0)) + (5 - 13)?
0
Calculate 60 + (22 - (42 - 2)) - 7.
35
Evaluate (-129 - -242) + -4 + -30.
79
What is 1 - (27 + (87 - (-11 - -42)))?
-82
What is the value of -14 + 2 - (12 - (14 + 55 + -18))?
27
Evaluate (169 - 395) + 133 + -13 + (0 - -4).
-102
What is the value of (23 - 1) + (54 - 62) - (20 - -1)?
-7
Evaluate (18 - (-25 + 20)) + -15 - (-38 - -4).
42
(-1 - -3 - -1) + -12 + (276 - 274) - 30
-37
What is -12 - -4 - 6 - (-71 + 35)?
22
Calculate -9 - (102 + 46 - 120).
-37
What is (-6 - (0 + 0) - 8) + 1167 + -1249?
-96
Evaluate -12 - (-7 - -4) - (14 - ((21 - 2) + 28)).
24
What is the value of 33 + -116 + 70 + 1?
-12
Calculate 48 - (40 + 70 + -29).
-33
What is 210 + -114 - 60 - -45?
81
What is -20 - (2 - (-3 + -3 + -3 + 17))?
-14
(-1 - -4) + (2 - -4) - (-5 - (-11 - 4))
-1
Calculate 1 - 11 - (6 + 1 + (33 + -17 - 27)).
-6
Calculate (-4 - -4 - 38) + -31 + -10 + 57.
-22
Evaluate -1 - (-115 + 64 + 40).
10
What is (1 + -5 - 0) + -207 + 212 - 71?
-70
77 + 249 + -117 + -241
-32
Calculate (-17 - 24) + -51 + 6 + 25.
-61
What is the value of (-25 - -32) + (-2 - 1) - 23 - -112?
93
-8 - ((24 - 41) + (26 - 7 - -10))
-20
What is -23 - (-12 - 24) - (14 + -59)?
58
Evaluate (-313 - -234) + (35 - -10).
-34
-41 - -237 - 103 - -1
94
What is 2 + 7 - (-12198 - -12094)?
113
26 + 7 + 20 + 28 + -52
29
Evaluate (0 - -19) + -20 + (25 - 3) + 5.
26
Calculate -1 - 15 - -25 - (23 + -50).
36
-2 - 0 - (-63 + (47 - 6))
20
What is the value of 265 + -170 + 61 + -205?
-49
Calculate 10 + -3 - ((19 - (13 + -7)) + 36).
-42
Calculate (241 - 202) + (1 - -5).
45
What is -3 + 1 - (-4 + -10 + (-8 - 13) + 17)?
16
What is 40 + -5 - (-2 + -8 - (-29 + -5 + 18))?
29
What is -11 - (-61 - (39 - 58))?
31
What is 8 - (9 - (10 + (-15 - -11) - -2) - 56)?
63
(3 - ((9 - -7) + -9)) + -7 + 2
-9
What is the value of 0 - (-13 - (-11 - 3)) - (18 - 68)?
49
Evaluate 2 - (5 - (8 - -52 - (19 - 9))).
47
What is -1608 - -1595 - (-3 + -82 + 2 - 0)?
70
Calculate (3 - -2) + 49 + -17 + (-7 - (-2 + 3)).
29
Calculate (-18 - (18 - (43 - -17))) + (10 - 6).
28
What is -5 + (-4 - 1) + -111 + 117 + (-11 - 0)?
-15
Calculate -37 + 76 - (-21 - ((5 - (5 - 7)) + -17)).
50
What is -124 + (2 - ((20 - -1) + 11 - 25))?
-129
What is the value of (718 - 723 - (-7 + (0 - -2))) + 29?
29
What is the value of (-10 + -1 - -26) + -25 + 4 + -5 + 9?
-2
36 - (20 - (44 - 70))
-10
What is 15 - (-518 + 528 + (1 - -19))?
-15
Evaluate (1 - (4 - -5)) + -4 + (24 - (-30 + 26)).
16
What is -12 + (25 + (-11 - (3 - 11)) - -2)?
12
Calculate (-60 - -12 - -34 - (-23 - -1)) + -1 + 69.
76
Calculate (1 + -13 - 53) + (-18 - -36 - 32).
-79
What is -10 + (-12 - ((61 - 61) + (1 - 14)))?
-9
What is -29 - (2 - 41) - -94?
104
-33 - (-96 + 68 + -45)
40
What is the value of 3 + -14 + 18 + -17 + 12 - -44?
46
Evaluate 26 + 1 + (97 - 103) + -4 - -11.
28
132 + -1 - (128 - (32 - -81))
116
What is 13 + -81 + 102 - 47?
-13
Calculate -43 - ((27 - 44) + -45).
19
Evaluate 100 + -214 + (51 - 15) + 6.
-72
Evaluate -11 + (-1 - -14) + -6 + (7 - -15).
18
Calculate 37 + -1 + (1 - 38).
-1
Evaluate -33 + 25 - 11 - 14 - -19.
-14
0 - 41 - 2 - (96 - 104 - (1 - 8))
-42
Evaluate -1 + (2 - -2) + -6 + (12 - 5) + 88.
92
What is -5199 - -5132 - (-21 - 0)?
-46
Calculate 0 + ((-24 - 32) + 15 - 29).
-70
Evaluate -24 - ((-14 - -14) + -48).
24
-3 + -2 + 22 + -26 - (2 + -23 + 3)
9
-8 + -46 + -32 + 12 + 33
-41
106 + -9 - (15 - -7 - 1)
76
What is 2 - (-1 + -29) - (-37 - (-35 - -5))?
39
Calculate -47 + 21 + -1 + -15.
-42
What is the value of 5 - (42 + -32 + -1 + -5) - 3 - 53?
-55
What is the value of 60 + -56 + 39 + 18?
61
What is 82 - (25 - -21) - -7?
43
(82 + (4 - 8) - 3) + (49 - 119) + 60
65
Evaluate 5 + (7 - 0) + 24.
36
Evaluate (2 - 42) + 39 - ((-16 - 1) + -1).
17
Evaluate 51 - ((-20 + -7 - -15) + 13).
50
Evaluate (2 - -9) + (-31 - (-29 + 15)) - -10.
4
Evaluate (-20 - -6) + (-19 + 18 - 11).
-26
Evaluate (5 - (5 + 0 + 15 + 11)) + 4.
-22
What is the value of -2877 - -2906 - (0 - (21 - 3))?
47
Evaluate -16 + -5 + (12 - (20 + (48 - 14))).
-63
What is -4878 + 4827 - (1 + -88)?
36
What is the value of -47 + -33 + 139 - 29?
30
What is 42 - 0 - (-288 - (183 - 589))?
-76
Evaluate (-16 - 3) + 4242 + -4345.
-122
Calculate 12 + -1 + -10 - -4 - 0.
5
Calculate -21 - (-146 - -24) - 59.
42
Evaluate 0 + -6 - (-20 + (-21 - -38) + 14).
-17
31 + -75 + (-289 - -295)
-38
What is the value of -28 + (81 - 32) - (0 - 2 - 5)?
28
Evaluate (-21 - -45 - 56) + 4.
-28
Calculate 3 + -3 + 7 + -66 + (-18 - -36) + 5.
-36
(2000 - 2024) + (0 - 19) + 43
0
What is the value of 18 - -3 - (-25 + 14 + -2 + -1 - -1)?
34
Calculate (18 - -11) + -79 + (0 - -7).
-43
35 + 83 + (-57 - 82)
-21
What is 9981 + -9927 + 2 + -97?
-41
What is 0 - (14 + -14 + -12 + -3)?
15
What is the value of -26 - (-86 - -5 - (-47 - -28))?
36
Calculate 20 - (-19 + 24) - (-17 + -3) - -9.
44
What is 2 - (-5 + (-1 - ((51 - 21) + -11)))?
27
What is the value of -56 - (50 - 205 - -48)?
51
What is 14 + 62 + -61 + -20?
-5
What is -155 + (209 - 134) + (8 - 2)?
-74
What is the value of -5 + (7 - (-15 - -24 - 2))?
-5
Evaluate -112 + -42 + 99 - 15.
-70
Evaluate 104 + -6 - (-110 + 149).
59
-71 + (54 + -90 - -88)
-19
What is -11 + 14 + 7 + -12 + -32?
-34
-34 - -10 - ((-5 - -4) + 2)
-25
Evaluate -52 - (-13 + 0 + 20).
-59
-1 + 1 - ((-4 - 7) + -9 + 18)
2
What is the value of (28 - (-2 - -2)) + (-48 - -2) + 54?
36
(-23 + 17 - (-26 - (-26 + -5))) + (2 - -148)
139
Evaluate -31 + 0 - (9 - 1 - 26).
-13
(-12 + 12 - (-4 + (-5 - (32 - 7)))) + -4
30
What is -39 + 24 + (-18 - (-2 + -8 - -6))?
-29
(-21 + 30 - -21) + -51
-21
Evaluate -65 - ((0 - -7) + -54 + 33).
-51
14 + (63 - 9 - 28) + 25
65
What is -7 - (-13 - (-10 - (8 + -8)) - 25)?
21
What is the value of -14 - (-11 + -6) - 3 - -7 - -21?
28
Evaluate 46 + -47 - (6 + -6 + 6 - 20).
13
Evaluate -7496 - -7518 - (-18 + 3 + -1 + -4).
42
-70 - (4 + -59 + 54)
-69
What is the value of (-1 - 13 - -16 - (-4 - 5)) + -21?
-10
What is the value of 9 + 11 + -52 + 16 + -29 + 18?
-27
1 + -40 - (1 - ((-12 - (19 - 32)) + -2))
-41
What is the value of (-47 - -19) + -20 + 4 + -7 + (-1 - -10)?
-42
Evaluate -7 + 6 + (-1 - -2) + -9 + (-1390 - -1324).
-75
Calculate 1 + (11 - 2) + -6 + -35.
-31
What is -298 + 350 - (7 - -2)?
43
-28 + (56 - 77 - -74)
25
Evaluate 410 + -87 + -341 + -2 + 1 + -8 + -2.
-29
What is the value of 1 - -6 - (-25 - -81 - 1)?
-48
What is the value of (-57 - (-65 + 13 - -6)) + (2 - 3) + -33?
-45
What is -6 + (8 - 2) - (1 - 13 - -6 - -46)?
-40
What is 7 - (40 - 47) - -4?
18
-75 - (-40 + 51 + -155)
69
(-741 - -758 - (-1 + 23)) + (-1 - 23)
-29
What is 22 + 3 + (-6 - 83) + 6?
-58
What is the value of 598 + -648 + (2 - -1) - 2?
-49
What is -11 + -46 + 30 + -51 - (-1 + -1)?
-76
Evaluate -11 + (12 - -9 - (0 + -6)) + -11.
5
Calculate 75 + (-21 + 34 + -38 - 3).
47
Calculate -383 - -361 - (-5 + 7 + 6).
-30
-19 - (9 - (-4 - -47))
15
What is 12 + -89 + (-13